{"id":6,"date":"2013-11-03T11:59:51","date_gmt":"2013-11-03T09:59:51","guid":{"rendered":"http:\/\/sorvipenkki.fi\/blog\/?page_id=6"},"modified":"2018-11-12T19:27:08","modified_gmt":"2018-11-12T17:27:08","slug":"tietoja","status":"publish","type":"page","link":"http:\/\/sorvipenkki.fi\/blog\/tietoja\/","title":{"rendered":"Tietoja"},"content":{"rendered":"<p>Petri Tonterin blogi. Muistivihkon jatke. Hajanaisia, asiasta toiseen hyppivi\u00e4 merkint\u00f6j\u00e4.<\/p>\n<p>Vanhempi blogi l\u00f6ytyy t\u00e4\u00e4lt\u00e4: <a title=\"Sorvipenkki, Petri Tonteri, vanhempi painos\" href=\"https:\/\/sorvipenkki.wordpress.com\" target=\"_blank\" rel=\"noopener\">sorvipenkki.wordpress.com<\/a><\/p>\n<p>S\u00e4hk\u00f6posti: petri (a) sorvipenkki.fi<\/p>\n","protected":false},"excerpt":{"rendered":"<p>Petri Tonterin blogi. Muistivihkon jatke. Hajanaisia, asiasta toiseen hyppivi\u00e4 merkint\u00f6j\u00e4. Vanhempi blogi l\u00f6ytyy t\u00e4\u00e4lt\u00e4: sorvipenkki.wordpress.com S\u00e4hk\u00f6posti: petri (a) sorvipenkki.fi<\/p>\n","protected":false},"author":1,"featured_media":0,"parent":0,"menu_order":0,"comment_status":"open","ping_status":"open","template":"","meta":{"footnotes":""},"class_list":["post-6","page","type-page","status-publish","hentry"],"yoast_head":"<!-- This site is optimized with the Yoast SEO plugin v25.6 - https:\/\/yoast.com\/wordpress\/plugins\/seo\/ -->\n<title>Tietoja - Sorvipenkki : blogi<\/title>\n<meta name=\"robots\" content=\"index, follow, max-snippet:-1, max-image-preview:large, max-video-preview:-1\" \/>\n<link rel=\"canonical\" href=\"http:\/\/sorvipenkki.fi\/blog\/tietoja\/\" \/>\n<meta property=\"og:locale\" content=\"fi_FI\" \/>\n<meta property=\"og:type\" content=\"article\" \/>\n<meta property=\"og:title\" content=\"Tietoja - Sorvipenkki : blogi\" \/>\n<meta property=\"og:description\" content=\"Petri Tonterin blogi. Muistivihkon jatke. Hajanaisia, asiasta toiseen hyppivi\u00e4 merkint\u00f6j\u00e4. Vanhempi blogi l\u00f6ytyy t\u00e4\u00e4lt\u00e4: sorvipenkki.wordpress.com S\u00e4hk\u00f6posti: petri (a) sorvipenkki.fi\" \/>\n<meta property=\"og:url\" content=\"http:\/\/sorvipenkki.fi\/blog\/tietoja\/\" \/>\n<meta property=\"og:site_name\" content=\"Sorvipenkki : blogi\" \/>\n<meta property=\"article:modified_time\" content=\"2018-11-12T17:27:08+00:00\" \/>\n<script type=\"application\/ld+json\" class=\"yoast-schema-graph\">{\"@context\":\"https:\/\/schema.org\",\"@graph\":[{\"@type\":\"WebPage\",\"@id\":\"http:\/\/sorvipenkki.fi\/blog\/tietoja\/\",\"url\":\"http:\/\/sorvipenkki.fi\/blog\/tietoja\/\",\"name\":\"Tietoja - Sorvipenkki : blogi\",\"isPartOf\":{\"@id\":\"http:\/\/sorvipenkki.fi\/blog\/#website\"},\"datePublished\":\"2013-11-03T09:59:51+00:00\",\"dateModified\":\"2018-11-12T17:27:08+00:00\",\"breadcrumb\":{\"@id\":\"http:\/\/sorvipenkki.fi\/blog\/tietoja\/#breadcrumb\"},\"inLanguage\":\"fi\",\"potentialAction\":[{\"@type\":\"ReadAction\",\"target\":[\"http:\/\/sorvipenkki.fi\/blog\/tietoja\/\"]}]},{\"@type\":\"BreadcrumbList\",\"@id\":\"http:\/\/sorvipenkki.fi\/blog\/tietoja\/#breadcrumb\",\"itemListElement\":[{\"@type\":\"ListItem\",\"position\":1,\"name\":\"Etusivu\",\"item\":\"http:\/\/sorvipenkki.fi\/blog\/\"},{\"@type\":\"ListItem\",\"position\":2,\"name\":\"Tietoja\"}]},{\"@type\":\"WebSite\",\"@id\":\"http:\/\/sorvipenkki.fi\/blog\/#website\",\"url\":\"http:\/\/sorvipenkki.fi\/blog\/\",\"name\":\"Sorvipenkki : blogi\",\"description\":\"kirjastoista, verkosta, informaatiosta\",\"potentialAction\":[{\"@type\":\"SearchAction\",\"target\":{\"@type\":\"EntryPoint\",\"urlTemplate\":\"http:\/\/sorvipenkki.fi\/blog\/?s={search_term_string}\"},\"query-input\":{\"@type\":\"PropertyValueSpecification\",\"valueRequired\":true,\"valueName\":\"search_term_string\"}}],\"inLanguage\":\"fi\"}]}<\/script>\n<!-- \/ Yoast SEO plugin. -->","yoast_head_json":{"title":"Tietoja - Sorvipenkki : blogi","robots":{"index":"index","follow":"follow","max-snippet":"max-snippet:-1","max-image-preview":"max-image-preview:large","max-video-preview":"max-video-preview:-1"},"canonical":"http:\/\/sorvipenkki.fi\/blog\/tietoja\/","og_locale":"fi_FI","og_type":"article","og_title":"Tietoja - Sorvipenkki : blogi","og_description":"Petri Tonterin blogi. Muistivihkon jatke. Hajanaisia, asiasta toiseen hyppivi\u00e4 merkint\u00f6j\u00e4. Vanhempi blogi l\u00f6ytyy t\u00e4\u00e4lt\u00e4: sorvipenkki.wordpress.com S\u00e4hk\u00f6posti: petri (a) sorvipenkki.fi","og_url":"http:\/\/sorvipenkki.fi\/blog\/tietoja\/","og_site_name":"Sorvipenkki : blogi","article_modified_time":"2018-11-12T17:27:08+00:00","schema":{"@context":"https:\/\/schema.org","@graph":[{"@type":"WebPage","@id":"http:\/\/sorvipenkki.fi\/blog\/tietoja\/","url":"http:\/\/sorvipenkki.fi\/blog\/tietoja\/","name":"Tietoja - Sorvipenkki : blogi","isPartOf":{"@id":"http:\/\/sorvipenkki.fi\/blog\/#website"},"datePublished":"2013-11-03T09:59:51+00:00","dateModified":"2018-11-12T17:27:08+00:00","breadcrumb":{"@id":"http:\/\/sorvipenkki.fi\/blog\/tietoja\/#breadcrumb"},"inLanguage":"fi","potentialAction":[{"@type":"ReadAction","target":["http:\/\/sorvipenkki.fi\/blog\/tietoja\/"]}]},{"@type":"BreadcrumbList","@id":"http:\/\/sorvipenkki.fi\/blog\/tietoja\/#breadcrumb","itemListElement":[{"@type":"ListItem","position":1,"name":"Etusivu","item":"http:\/\/sorvipenkki.fi\/blog\/"},{"@type":"ListItem","position":2,"name":"Tietoja"}]},{"@type":"WebSite","@id":"http:\/\/sorvipenkki.fi\/blog\/#website","url":"http:\/\/sorvipenkki.fi\/blog\/","name":"Sorvipenkki : blogi","description":"kirjastoista, verkosta, informaatiosta","potentialAction":[{"@type":"SearchAction","target":{"@type":"EntryPoint","urlTemplate":"http:\/\/sorvipenkki.fi\/blog\/?s={search_term_string}"},"query-input":{"@type":"PropertyValueSpecification","valueRequired":true,"valueName":"search_term_string"}}],"inLanguage":"fi"}]}},"jetpack_sharing_enabled":true,"jetpack_shortlink":"https:\/\/wp.me\/P9swLA-6","jetpack_likes_enabled":true,"jetpack-related-posts":[],"_links":{"self":[{"href":"http:\/\/sorvipenkki.fi\/blog\/wp-json\/wp\/v2\/pages\/6","targetHints":{"allow":["GET"]}}],"collection":[{"href":"http:\/\/sorvipenkki.fi\/blog\/wp-json\/wp\/v2\/pages"}],"about":[{"href":"http:\/\/sorvipenkki.fi\/blog\/wp-json\/wp\/v2\/types\/page"}],"author":[{"embeddable":true,"href":"http:\/\/sorvipenkki.fi\/blog\/wp-json\/wp\/v2\/users\/1"}],"replies":[{"embeddable":true,"href":"http:\/\/sorvipenkki.fi\/blog\/wp-json\/wp\/v2\/comments?post=6"}],"version-history":[{"count":7,"href":"http:\/\/sorvipenkki.fi\/blog\/wp-json\/wp\/v2\/pages\/6\/revisions"}],"predecessor-version":[{"id":220,"href":"http:\/\/sorvipenkki.fi\/blog\/wp-json\/wp\/v2\/pages\/6\/revisions\/220"}],"wp:attachment":[{"href":"http:\/\/sorvipenkki.fi\/blog\/wp-json\/wp\/v2\/media?parent=6"}],"curies":[{"name":"wp","href":"https:\/\/api.w.org\/{rel}","templated":true}]}}